of 1931.
1931
What are the prime factors of 2055?
3, 5, 137
List the prime factors of 23870.
2, 5, 7, 11, 31
List the prime factors of 16521.
3, 5507
List the prime factors of 5126.
2, 11, 233
What are the prime factors of 3990?
2, 3, 5, 7, 19
What are the prime factors of 2535?
3, 5, 13
List the prime factors of 847.
7, 11
List the prime factors of 3481.
59
What are the prime factors of 186?
2, 3, 31
List the prime factors of 603.
3, 67
List the prime factors of 19738.
2, 71, 139
List the prime factors of 25960.
2, 5, 11, 59
What are the prime factors of 5754?
2, 3, 7, 137
List the prime factors of 36482.
2, 17, 29, 37
List the prime factors of 1117.
1117
List the prime factors of 73243.
73243
List the prime factors of 642.
2, 3, 107
What are the prime factors of 16922?
2, 8461
What are the prime factors of 519?
3, 173
What are the prime factors of 4072?
2, 509
What are the prime factors of 2660?
2, 5, 7, 19
What are the prime factors of 26075?
5, 7, 149
List the prime factors of 51051.
3, 7, 11, 13, 17
List the prime factors of 16390.
2, 5, 11, 149
What are the prime factors of 525?
3, 5, 7
List the prime factors of 673.
673
What are the prime factors of 12590?
2, 5, 1259
What are the prime factors of 14684?
2, 3671
What are the prime factors of 1292?
2, 17, 19
List the prime factors of 501.
3, 167
List the prime factors of 63370.
2, 5, 6337
What are the prime factors of 1993?
1993
What are the prime factors of 1005?
3, 5, 67
List the prime factors of 75532.
2, 23, 821
List the prime factors of 20548.
2, 11, 467
What are the prime factors of 3487?
11, 317
What are the prime factors of 52973?
52973
List the prime factors of 8599.
8599
What are the prime factors of 245?
5, 7
What are the prime factors of 2845?
5, 569
List the prime factors of 115.
5, 23
List the prime factors of 26946.
2, 3, 499
List the prime factors of 1045.
5, 11, 19
List the prime factors of 3801.
3, 7, 181
What are the prime factors of 256?
2
What are the prime factors of 14061?
3, 43, 109
List the prime factors of 14852.
2, 47, 79
What are the prime factors of 6215?
5, 11, 113
What are the prime factors of 14312?
2, 1789
What are the prime factors of 3346?
2, 7, 239
List the prime factors of 10141.
10141
List the prime factors of 2000.
2, 5
What are the prime factors of 8519?
7, 1217
List the prime factors of 38.
2, 19
What are the prime factors of 65563?
65563
What are the prime factors of 29322?
2, 3, 181
What are the prime factors of 69678?
2, 3, 7, 79
List the prime factors of 9889.
11, 29, 31
List the prime factors of 6214.
2, 13, 239
List the prime factors of 36416.
2, 569
List the prime factors of 1024.
2
What are the prime factors of 993?
3, 331
List the prime factors of 4604.
2, 1151
List the prime factors of 125163.
3, 13907
What are the prime factors of 2945?
5, 19, 31
List the prime factors of 14250.
2, 3, 5, 19
List the prime factors of 2406.
2, 3, 401
What are the prime factors of 9268?
2, 7, 331
List the prime factors of 28.
2, 7
What are the prime factors of 22948?
2, 5737
List the prime factors of 25612.
2, 19, 337
List the prime factors of 943.
23, 41
What are the prime factors of 2496?
2, 3, 13
What are the prime factors of 65994?
2, 3, 17, 647
What are the prime factors of 63768?
2, 3, 2657
List the prime factors of 6620.
2, 5, 331
What are the prime factors of 50062?
2, 25031
List the prime factors of 1701.
3, 7
What are the prime factors of 17449?
17449
What are the prime factors of 361?
19
What are the prime factors of 3994?
2, 1997
List the prime factors of 2078.
2, 1039
List the prime factors of 13243.
17, 19, 41
List the prime factors of 47042.
2, 43, 547
List the prime factors of 1286.
2, 643
List the prime factors of 7542.
2, 3, 419
List the prime factors of 12168.
2, 3, 13
List the prime factors of 5743.
5743
List the prime factors of 38645.
5, 59, 131
What are the prime factors of 75466?
2, 97, 389
List the prime factors of 4587.
3, 11, 139
List the prime factors of 382.
2, 191
What are the prime factors of 15491?
7, 2213
What are the prime factors of 1887?
3, 17, 37
What are the prime factors of 1683?
3, 11, 17
What are the prime factors of 692?
2, 173
List the prime factors of 149550.
2, 3, 5, 997
What are the prime factors of 64944?
2, 3, 11, 41
List the prime factors of 121.
11
List the prime factors of 129052.
2, 7, 11, 419
What are the prime factors of 31410?
2, 3, 5, 349
List the prime factors of 603.
3, 67
What are the prime factors of 5039?
5039
What are the prime factors of 920?
2, 5, 23
List the prime factors of 95.
5, 19
List the prime factors of 1757.
7, 251
List the prime factors of 6099.
3, 19, 107
What are the prime factors of 5023?
5023
List the prime factors of 769.
769
List the prime factors of 33683.
13, 2591
What are the prime factors of 150?
2, 3, 5
List the prime factors of 507.
3, 13
What are the prime factors of 883?
883
What are the prime factors of 27541?
27541
What are the prime factors of 3557?
3557
List the prime factors of 5659.
5659
What are the prime factors of 1165?
5, 233
What are the prime factors of 10328?
2, 1291
List the prime factors of 23.
23
List the prime factors of 5772.
2, 3, 13, 37
List the prime factors of 2671.
2671
List the prime factors of 2730.
2, 3, 5, 7, 13
List the prime factors of 4479.
3, 1493
List the prime factors of 14916.
2, 3, 11, 113
List the prime factors of 2254.
2, 7, 23
List the prime factors of 1262.
2, 631
List the prime factors of 17482.
2, 8741
List the prime factors of 8094.
2, 3, 19, 71
What are the prime factors of 10076?
2, 11, 229
What are the prime factors of 143362?
2, 43, 1667
What are the prime factors of 10628?
2, 2657
What are the prime factors of 463?
463
What are the prime factors of 21587?
21587
What are the prime factors of 10116?
2, 3, 281
What are the prime factors of 1956?
2, 3, 163
List the prime factors of 5014.
2, 23, 109
List the prime factors of 945.
3, 5, 7
List the prime factors of 2180.
2, 5, 109
What are the prime factors of 878?
2, 439
What are the prime factors of 90230?
2, 5, 7, 1289
List the prime factors of 4651.
4651
List the prime factors of 4025.
5, 7, 23
List the prime factors of 562.
2, 281
List the prime factors of 166.
2, 83
What are the prime factors of 3742?
2, 1871
What are the prime factors of 1689?
3, 563
List the prime factors of 37466.
2, 11, 13, 131
List the prime factors of 46753.
7, 6679
What are the prime factors of 10443?
3, 59
What are the prime factors of 23559?
3, 7853
What are the prime factors of 100?
2, 5
List the prime factors of 38825.
5, 1553
List the prime factors of 3687.
3, 1229
What are the prime factors of 356?
2, 89
List the prime factors of 935.
5, 11, 17
List the prime factors of 605.
5, 11
What are the prime factors of 8739?
3, 971
What are the prime factors of 6630?
2, 3, 5, 13, 17
List the prime factors of 9160.
2, 5, 229
List the prime factors of 8231.
8231
List the prime factors of 841.
29
What are the prime factors of 129050?
2, 5, 29, 89
List the prime factors of 31130.
2, 5, 11, 283
List the prime factors of 2955.
3, 5, 197
List the prime factors of 16109.
89, 181
List the prime factors of 697.
17, 41
List the prime factors of 78131.
23, 43, 79
What are the prime factors of 1101?
3, 367
What are the prime factors of 16774?
2, 8387
List the prime factors of 9340.
2, 5, 467
List the prime factors of 44211.
3, 14737
What are the prime factors of 1154?
2, 577
What are the prime factors of 9889?
11, 29, 31
What are the prime factors of 51989?
7, 1061
List the prime factors of 1011.
3, 337
What are the prime factors of 1389?
3, 463
List the prime factors of 2060.
2, 5, 103
What are the prime factors of 2779?
7, 397
List the prime factors of 14278.
2, 11, 59
What are the prime factors of 5616?
2, 3, 13
What are the prime factors of 15593?
31, 503
What are the prime factors of 1680?
2, 3, 5, 7
List the prime factors of 4492.
2, 1123
List the prime factors of 3641.
11, 331
List the prime factors of 85039.
277, 307
What are the prime factors of 6170?
2, 5, 617
List the prime factors of 78.
2, 3, 13
List the prime factors of 1243.
11, 113
What are the prime factors of 24933?
3, 8311
List the prime factors of 167775.
3, 5, 2237
List the prime factors of 388.
2, 97
What are the prime factors of 5741?
5741
